{"id":6,"date":"2016-05-17T20:33:17","date_gmt":"2016-05-17T19:33:17","guid":{"rendered":"https:\/\/www.pianodem.com\/?page_id=6"},"modified":"2022-04-20T22:20:45","modified_gmt":"2022-04-20T21:20:45","slug":"demenager","status":"publish","type":"page","link":"https:\/\/www.pianodem.com\/","title":{"rendered":"Demenagement Piano"},"content":{"rendered":"<p>Bien organiser son d\u00e9m\u00e9nagement peut \u00eatre source de stress. Tout anticiper pour limiter les impr\u00e9vus le jour J mobilise souvent beaucoup d\u2019\u00e9nergie et de temps. Pour simplifier les choses, il est conseill\u00e9 de passer par une entreprise de d\u00e9m\u00e9nagement, aupr\u00e8s de laquelle vous pouvez demander un devis d\u00e8s aujourd\u2019hui pour ma\u00eetriser au mieux votre budget.<\/p>\n<h2>Les d\u00e9m\u00e9nageurs professionnels : plusieurs solutions<\/h2>\n<p>Lorsque l\u2019on manque d\u2019exp\u00e9rience ou de temps, pr\u00e9parer son d\u00e9m\u00e9nagement \u00a0<a href=\"https:\/\/demenageur.com\">demenageur.com<\/a>\u00a0peut \u00eatre per\u00e7u comme un v\u00e9ritable chemin de croix. L\u2019aide de la famille et des amis est souvent pr\u00e9cieuse, mais malgr\u00e9 leur bonne volont\u00e9 il n\u2019est pas certain que vous gagnerez du temps. C\u2019est pourquoi faire appel \u00e0 des d\u00e9m\u00e9nageurs professionnels vous permet d\u2019aborder cette \u00e9tape en toute simplicit\u00e9. Habitu\u00e9s \u00e0 d\u00e9placer meubles et objets selon leur fragilit\u00e9, ils vont aussi estimer tr\u00e8s rapidement le volume n\u00e9cessaire au transport de vos biens. Pas de surprise le jour J, pas d\u2019aller-retour inutile. Le chargement comme le d\u00e9chargement vont se passer dans les r\u00e8gles de l\u2019art. De plus, le fait de faire appel \u00e0 des professionnels vous couvre en cas de casse.<br \/>\nLes entreprises de d\u00e9m\u00e9nagement peuvent fournir des cartons de d\u00e9m\u00e9nagement pour les affaires que vous avez \u00e0 emballer. Comptez en moyenne 3 euros par carton. Il est possible de laisser les d\u00e9m\u00e9nageurs emballer vos affaires, ou alors de pr\u00e9parer vos cartons vous-m\u00eame afin qu\u2019ils puissent les emporter le jour du d\u00e9m\u00e9nagement. Notez que le fait de proc\u00e9der vous-m\u00eame \u00e0 l\u2019emballage va r\u00e9duire le co\u00fbt de la facture. Sachez qu\u2019il existe des caisses sp\u00e9cifiques pour la vaisselle, les objets fragiles, ainsi que des penderies mobiles pour vos v\u00eatements. Vous pouvez disposer du mat\u00e9riel sans pour autant faire intervenir les d\u00e9m\u00e9nageurs lors de l\u2019\u00e9tape d\u2019emballage.<\/p>\n<h2>Des entreprises de d\u00e9m\u00e9nagement partout en France<\/h2>\n<p>Vous pouvez demander plusieurs devis pour votre d\u00e9m\u00e9nagement, ce qui est notamment conseill\u00e9 en cas de d\u00e9m\u00e9nagement longue distance. En effet, les tarifs peuvent varier du simple au double. Certaines entreprises, pour r\u00e9duire les co\u00fbts, peuvent vous proposer un groupage en fonction des autres d\u00e9m\u00e9nagements\u00a0qu\u2019ils ont \u00e0 effectuer sur leur route, ou dans les d\u00e9partements limitrophes. Par d\u00e9faut, de nombreuses personnes ont tendance \u00e0 se tourner vers des professionnels du d\u00e9m\u00e9nagement de leur r\u00e9gion d\u2019origine, mais ce n\u2019est pas forc\u00e9ment la solution la plus rentable, car souvent il faudra payer le retour du camion et du personnel \u00e0 vide, et cela peut tr\u00e8s vite se chiffrer en fonction du nombre de kilom\u00e8tres, et des \u00e9ventuels p\u00e9ages \u00e0 traverser.<br \/>\nCette solution est fiable et vous permet de ne pas vous user physiquement. En option, beaucoup d\u2019entreprises de d\u00e9m\u00e9nagement vous proposent le d\u00e9montage et le remontage des meubles. Cela peut \u00eatre tr\u00e8s utile pour les personnes qui n\u2019ont aucune notion de bricolage. Si vous d\u00e9m\u00e9nagez loin, ceci est une mani\u00e8re de vous sentir chez vous plus rapidement. La logistique \u00e9tant assur\u00e9e, vous pourrez vous consacrer plus rapidement \u00e0 l\u2019organisation et \u00e0 la d\u00e9coration de votre nouveau lieu de vie.<\/p>\n<h2>Un d\u00e9m\u00e9nagement professionnel pour bien d\u00e9buter votre nouvelle vie<\/h2>\n<p>Il est possible que vous poss\u00e9diez des meubles dont le volume vous effraie. Vous en s\u00e9parer est un cr\u00e8ve-c\u0153ur ? Sachez que les d\u00e9m\u00e9nageurs professionnels disposent de tout le mat\u00e9riel n\u00e9cessaire pour d\u00e9placer tous types de meubles, quelle que soit leur taille (monte-charges, diables\u2026). De plus, comme ils sont tr\u00e8s habitu\u00e9s \u00e0 effectuer ce type de manipulations, ils sauront en un coup d\u2019\u0153il ce qu\u2019il faut d\u00e9monter et ce qu\u2019il faut laisser intact.<br \/>\nLe montant du devis va aussi d\u00e9pendre de la configuration des lieux. Vous devrez par exemple indiquer le nombre d\u2019\u00e9tages \u00e0 parcourir, si l\u2019immeuble est \u00e9quip\u00e9 ou non d\u2019un ascenseur, s\u2019il y a une cour \u00e0 traverser\u2026 Ces pr\u00e9cisions sont n\u00e9cessaires pour le logement que vous allez quitter comme pour le logement que vous allez int\u00e9grer.<br \/>\nEnfin, il est conseill\u00e9 de pr\u00e9venir la mairie de votre lieu d\u2019habitation (et de votre nouveau lieu de vie) pour r\u00e9server une place de stationnement au camion de d\u00e9m\u00e9nagement. Cette d\u00e9marche est \u00e0 r\u00e9aliser par vos soins, et permettra un plus grand confort pour le chargement et le d\u00e9chargement.<\/p>\n<p>Pour r\u00e9sumer, gardez \u00e0 l\u2019esprit que le montant du devis qui vous sera propos\u00e9 par les professionnels du d\u00e9m\u00e9nagement va d\u00e9pendre :<\/p>\n<p>&#8211; Du volume des affaires et meubles \u00e0 d\u00e9m\u00e9nager<br \/>\n&#8211; De la distance \u00e0 parcourir<br \/>\n&#8211; De la configuration des lieux.<\/p>\n<p>Pour louer un monte meuble vous pouvez vous rendre ici :\u00a0<a href=\"https:\/\/www.demenageur.com\/comment-louer-un-monte-meuble-combien-cela-coute-t-il\/\">https:\/\/www.demenageur.com\/comment-louer-un-monte-meuble-combien-cela-coute-t-il\/<\/a><\/p>\n","protected":false},"excerpt":{"rendered":"<p>Bien organiser son d\u00e9m\u00e9nagement peut \u00eatre source de stress. Tout anticiper pour limiter les impr\u00e9vus le jour J mobilise souvent beaucoup d\u2019\u00e9nergie et de temps. Pour simplifier les choses, il est conseill\u00e9 de passer par une entreprise de d\u00e9m\u00e9nagement, aupr\u00e8s de laquelle vous pouvez demander un devis d\u00e8s aujourd\u2019hui pour ma\u00eetriser au mieux votre budget. &hellip; <a href=\"https:\/\/www.pianodem.com\/\" class=\"more-link\">Continuer la lecture de <span class=\"screen-reader-text\">Demenagement Piano<\/span> <span class=\"meta-nav\">&rarr;<\/span><\/a><\/p>\n","protected":false},"author":1,"featured_media":0,"parent":0,"menu_order":0,"comment_status":"closed","ping_status":"closed","template":"","meta":{"_seopress_robots_primary_cat":"","_seopress_titles_title":"","_seopress_titles_desc":"","_seopress_robots_index":"","footnotes":""},"class_list":["post-6","page","type-page","status-publish","hentry"],"_links":{"self":[{"href":"https:\/\/www.pianodem.com\/index.php\/wp-json\/wp\/v2\/pages\/6","targetHints":{"allow":["GET"]}}],"collection":[{"href":"https:\/\/www.pianodem.com\/index.php\/wp-json\/wp\/v2\/pages"}],"about":[{"href":"https:\/\/www.pianodem.com\/index.php\/wp-json\/wp\/v2\/types\/page"}],"author":[{"embeddable":true,"href":"https:\/\/www.pianodem.com\/index.php\/wp-json\/wp\/v2\/users\/1"}],"replies":[{"embeddable":true,"href":"https:\/\/www.pianodem.com\/index.php\/wp-json\/wp\/v2\/comments?post=6"}],"version-history":[{"count":7,"href":"https:\/\/www.pianodem.com\/index.php\/wp-json\/wp\/v2\/pages\/6\/revisions"}],"predecessor-version":[{"id":19,"href":"https:\/\/www.pianodem.com\/index.php\/wp-json\/wp\/v2\/pages\/6\/revisions\/19"}],"wp:attachment":[{"href":"https:\/\/www.pianodem.com\/index.php\/wp-json\/wp\/v2\/media?parent=6"}],"curies":[{"name":"wp","href":"https:\/\/api.w.org\/{rel}","templated":true}]}}